{"id":1419,"date":"2019-09-11T17:16:14","date_gmt":"2019-09-11T15:16:14","guid":{"rendered":"https:\/\/kaaakollection.com\/?page_id=1419"},"modified":"2019-12-17T22:51:52","modified_gmt":"2019-12-17T21:51:52","slug":"vente-flash","status":"publish","type":"page","link":"https:\/\/kaaakollection.com\/index.php\/vente-flash\/","title":{"rendered":"VENTE FLASH"},"content":{"rendered":"<div id=\"pl-1419\"  class=\"panel-layout\" ><div id=\"pg-1419-0\"  class=\"panel-grid panel-has-style\" ><div class=\"panel-row-style panel-row-style-for-1419-0\" ><div id=\"pgc-1419-0-0\"  class=\"panel-grid-cell\" ><div id=\"panel-1419-0-0-0\" class=\"so-panel widget widget_sow-headline panel-first-child panel-last-child\" data-index=\"0\" ><div class=\"panel-widget-style panel-widget-style-for-1419-0-0-0\" ><div\n\t\t\t\n\t\t\tclass=\"so-widget-sow-headline so-widget-sow-headline-default-9c81b4dd0246-1419 so-widget-fittext-wrapper\"\n\t\t\t data-fit-text-compressor=\"0.85\"\n\t\t><div class=\"sow-headline-container \">\n\t\t\t\t\t\t\t<h1 class=\"sow-headline\">\n\t\t\t\t\t\tIci vous pouvez retrouver les collections pr\u00e9c\u00e9dentes des d\u00e9fil\u00e9s en ventes exclusives en taille et en pi\u00e8ce unique .\t\t\t\t\t\t<\/h1>\n\t\t\t\t\t\t\t\t\t\t\t<div class=\"decoration\">\n\t\t\t\t\t\t<div class=\"decoration-inside\"><\/div>\n\t\t\t\t\t<\/div>\n\t\t\t\t\t<\/div>\n<\/div><\/div><\/div><\/div><\/div><\/div><div id=\"pg-1419-1\"  class=\"panel-grid panel-has-style\" ><div class=\"panel-row-style panel-row-style-for-1419-1\" ><div id=\"pgc-1419-1-0\"  class=\"panel-grid-cell\" ><div id=\"panel-1419-1-0-0\" class=\"so-panel widget widget_sow-editor panel-first-child panel-last-child\" data-index=\"1\" ><div class=\"panel-widget-style panel-widget-style-for-1419-1-0-0\" ><div\n\t\t\t\n\t\t\tclass=\"so-widget-sow-editor so-widget-sow-editor-base\"\n\t\t\t\n\t\t>\n<div class=\"siteorigin-widget-tinymce textwidget\">\n\t<div><div class=\"woocommerce columns-4 \"><ul class=\"products columns-4\">\n<li class=\"product type-product post-1843 status-publish first outofstock product_cat-vente-flash has-post-thumbnail taxable shipping-taxable purchasable product-type-simple\">\n\t<img width=\"301\" height=\"452\" src=\"https:\/\/i2.wp.com\/kaaakollection.com\/wp-content\/uploads\/2019\/12\/WhatsApp-Image-2019-12-11-at-11.08.38.jpeg?fit=301%2C452&amp;ssl=1\" class=\"show-on-hover wp-post-image\" alt=\"\" loading=\"lazy\" srcset=\"https:\/\/i2.wp.com\/kaaakollection.com\/wp-content\/uploads\/2019\/12\/WhatsApp-Image-2019-12-11-at-11.08.38.jpeg?w=1066&amp;ssl=1 1066w, https:\/\/i2.wp.com\/kaaakollection.com\/wp-content\/uploads\/2019\/12\/WhatsApp-Image-2019-12-11-at-11.08.38.jpeg?resize=200%2C300&amp;ssl=1 200w, https:\/\/i2.wp.com\/kaaakollection.com\/wp-content\/uploads\/2019\/12\/WhatsApp-Image-2019-12-11-at-11.08.38.jpeg?resize=768%2C1153&amp;ssl=1 768w, https:\/\/i2.wp.com\/kaaakollection.com\/wp-content\/uploads\/2019\/12\/WhatsApp-Image-2019-12-11-at-11.08.38.jpeg?resize=682%2C1024&amp;ssl=1 682w, https:\/\/i2.wp.com\/kaaakollection.com\/wp-content\/uploads\/2019\/12\/WhatsApp-Image-2019-12-11-at-11.08.38.jpeg?resize=301%2C452&amp;ssl=1 301w\" sizes=\"(max-width: 301px) 100vw, 301px\" \/><\/li>\n<li class=\"product type-product post-1849 status-publish outofstock product_cat-vente-flash has-post-thumbnail taxable shipping-taxable purchasable product-type-simple\">\n\t<img width=\"301\" height=\"452\" src=\"https:\/\/i1.wp.com\/kaaakollection.com\/wp-content\/uploads\/2019\/12\/WhatsApp-Image-2019-12-11-at-11.08.40.jpeg?fit=301%2C452&amp;ssl=1\" class=\"show-on-hover wp-post-image\" alt=\"\" loading=\"lazy\" srcset=\"https:\/\/i1.wp.com\/kaaakollection.com\/wp-content\/uploads\/2019\/12\/WhatsApp-Image-2019-12-11-at-11.08.40.jpeg?w=1066&amp;ssl=1 1066w, https:\/\/i1.wp.com\/kaaakollection.com\/wp-content\/uploads\/2019\/12\/WhatsApp-Image-2019-12-11-at-11.08.40.jpeg?resize=200%2C300&amp;ssl=1 200w, https:\/\/i1.wp.com\/kaaakollection.com\/wp-content\/uploads\/2019\/12\/WhatsApp-Image-2019-12-11-at-11.08.40.jpeg?resize=768%2C1153&amp;ssl=1 768w, https:\/\/i1.wp.com\/kaaakollection.com\/wp-content\/uploads\/2019\/12\/WhatsApp-Image-2019-12-11-at-11.08.40.jpeg?resize=682%2C1024&amp;ssl=1 682w, https:\/\/i1.wp.com\/kaaakollection.com\/wp-content\/uploads\/2019\/12\/WhatsApp-Image-2019-12-11-at-11.08.40.jpeg?resize=301%2C452&amp;ssl=1 301w\" sizes=\"(max-width: 301px) 100vw, 301px\" \/><\/li>\n<li class=\"product type-product post-1841 status-publish outofstock product_cat-vente-flash has-post-thumbnail taxable shipping-taxable purchasable product-type-simple\">\n\t<img width=\"301\" height=\"452\" src=\"https:\/\/i1.wp.com\/kaaakollection.com\/wp-content\/uploads\/2019\/12\/PHOTO-2019-12-15-13-17-59.jpg?fit=301%2C452&amp;ssl=1\" class=\"show-on-hover wp-post-image\" alt=\"\" loading=\"lazy\" srcset=\"https:\/\/i1.wp.com\/kaaakollection.com\/wp-content\/uploads\/2019\/12\/PHOTO-2019-12-15-13-17-59.jpg?w=1066&amp;ssl=1 1066w, https:\/\/i1.wp.com\/kaaakollection.com\/wp-content\/uploads\/2019\/12\/PHOTO-2019-12-15-13-17-59.jpg?resize=200%2C300&amp;ssl=1 200w, https:\/\/i1.wp.com\/kaaakollection.com\/wp-content\/uploads\/2019\/12\/PHOTO-2019-12-15-13-17-59.jpg?resize=768%2C1153&amp;ssl=1 768w, https:\/\/i1.wp.com\/kaaakollection.com\/wp-content\/uploads\/2019\/12\/PHOTO-2019-12-15-13-17-59.jpg?resize=682%2C1024&amp;ssl=1 682w, https:\/\/i1.wp.com\/kaaakollection.com\/wp-content\/uploads\/2019\/12\/PHOTO-2019-12-15-13-17-59.jpg?resize=301%2C452&amp;ssl=1 301w\" sizes=\"(max-width: 301px) 100vw, 301px\" \/><\/li>\n<li class=\"product type-product post-1852 status-publish last outofstock product_cat-vente-flash has-post-thumbnail taxable shipping-taxable purchasable product-type-simple\">\n\t<img width=\"301\" height=\"452\" src=\"https:\/\/i0.wp.com\/kaaakollection.com\/wp-content\/uploads\/2019\/12\/WhatsApp-Image-2019-12-11-at-11.08.361.jpeg?fit=301%2C452&amp;ssl=1\" class=\"show-on-hover wp-post-image\" alt=\"\" loading=\"lazy\" srcset=\"https:\/\/i0.wp.com\/kaaakollection.com\/wp-content\/uploads\/2019\/12\/WhatsApp-Image-2019-12-11-at-11.08.361.jpeg?w=1066&amp;ssl=1 1066w, https:\/\/i0.wp.com\/kaaakollection.com\/wp-content\/uploads\/2019\/12\/WhatsApp-Image-2019-12-11-at-11.08.361.jpeg?resize=200%2C300&amp;ssl=1 200w, https:\/\/i0.wp.com\/kaaakollection.com\/wp-content\/uploads\/2019\/12\/WhatsApp-Image-2019-12-11-at-11.08.361.jpeg?resize=768%2C1153&amp;ssl=1 768w, https:\/\/i0.wp.com\/kaaakollection.com\/wp-content\/uploads\/2019\/12\/WhatsApp-Image-2019-12-11-at-11.08.361.jpeg?resize=682%2C1024&amp;ssl=1 682w, https:\/\/i0.wp.com\/kaaakollection.com\/wp-content\/uploads\/2019\/12\/WhatsApp-Image-2019-12-11-at-11.08.361.jpeg?resize=301%2C452&amp;ssl=1 301w\" sizes=\"(max-width: 301px) 100vw, 301px\" \/><\/li>\n<li class=\"product type-product post-1856 status-publish first outofstock product_cat-vente-flash has-post-thumbnail taxable shipping-taxable purchasable product-type-simple\">\n\t<img width=\"301\" height=\"452\" src=\"https:\/\/i1.wp.com\/kaaakollection.com\/wp-content\/uploads\/2019\/12\/PHOTO-2019-12-15-13-18-01.jpg?fit=301%2C452&amp;ssl=1\" class=\"show-on-hover wp-post-image\" alt=\"\" loading=\"lazy\" srcset=\"https:\/\/i1.wp.com\/kaaakollection.com\/wp-content\/uploads\/2019\/12\/PHOTO-2019-12-15-13-18-01.jpg?w=1066&amp;ssl=1 1066w, https:\/\/i1.wp.com\/kaaakollection.com\/wp-content\/uploads\/2019\/12\/PHOTO-2019-12-15-13-18-01.jpg?resize=200%2C300&amp;ssl=1 200w, https:\/\/i1.wp.com\/kaaakollection.com\/wp-content\/uploads\/2019\/12\/PHOTO-2019-12-15-13-18-01.jpg?resize=768%2C1153&amp;ssl=1 768w, https:\/\/i1.wp.com\/kaaakollection.com\/wp-content\/uploads\/2019\/12\/PHOTO-2019-12-15-13-18-01.jpg?resize=682%2C1024&amp;ssl=1 682w, https:\/\/i1.wp.com\/kaaakollection.com\/wp-content\/uploads\/2019\/12\/PHOTO-2019-12-15-13-18-01.jpg?resize=301%2C452&amp;ssl=1 301w\" sizes=\"(max-width: 301px) 100vw, 301px\" \/><\/li>\n<li class=\"product type-product post-1853 status-publish outofstock product_cat-vente-flash has-post-thumbnail taxable shipping-taxable purchasable product-type-simple\">\n\t<img width=\"301\" height=\"535\" src=\"https:\/\/i1.wp.com\/kaaakollection.com\/wp-content\/uploads\/2019\/08\/image3.jpeg?fit=301%2C535&amp;ssl=1\" class=\"show-on-hover wp-post-image\" alt=\"\" loading=\"lazy\" srcset=\"https:\/\/i1.wp.com\/kaaakollection.com\/wp-content\/uploads\/2019\/08\/image3.jpeg?w=750&amp;ssl=1 750w, https:\/\/i1.wp.com\/kaaakollection.com\/wp-content\/uploads\/2019\/08\/image3.jpeg?resize=169%2C300&amp;ssl=1 169w, https:\/\/i1.wp.com\/kaaakollection.com\/wp-content\/uploads\/2019\/08\/image3.jpeg?resize=576%2C1024&amp;ssl=1 576w, https:\/\/i1.wp.com\/kaaakollection.com\/wp-content\/uploads\/2019\/08\/image3.jpeg?resize=301%2C535&amp;ssl=1 301w\" sizes=\"(max-width: 301px) 100vw, 301px\" \/><\/li>\n<li class=\"product type-product post-1869 status-publish outofstock product_cat-vente-flash has-post-thumbnail taxable shipping-taxable purchasable product-type-simple\">\n\t<img width=\"301\" height=\"452\" src=\"https:\/\/i1.wp.com\/kaaakollection.com\/wp-content\/uploads\/2019\/12\/PHOTO-2019-12-15-13-18-04.jpg?fit=301%2C452&amp;ssl=1\" class=\"show-on-hover wp-post-image\" alt=\"\" loading=\"lazy\" srcset=\"https:\/\/i1.wp.com\/kaaakollection.com\/wp-content\/uploads\/2019\/12\/PHOTO-2019-12-15-13-18-04.jpg?w=1066&amp;ssl=1 1066w, https:\/\/i1.wp.com\/kaaakollection.com\/wp-content\/uploads\/2019\/12\/PHOTO-2019-12-15-13-18-04.jpg?resize=200%2C300&amp;ssl=1 200w, https:\/\/i1.wp.com\/kaaakollection.com\/wp-content\/uploads\/2019\/12\/PHOTO-2019-12-15-13-18-04.jpg?resize=768%2C1153&amp;ssl=1 768w, https:\/\/i1.wp.com\/kaaakollection.com\/wp-content\/uploads\/2019\/12\/PHOTO-2019-12-15-13-18-04.jpg?resize=682%2C1024&amp;ssl=1 682w, https:\/\/i1.wp.com\/kaaakollection.com\/wp-content\/uploads\/2019\/12\/PHOTO-2019-12-15-13-18-04.jpg?resize=301%2C452&amp;ssl=1 301w\" sizes=\"(max-width: 301px) 100vw, 301px\" \/><\/li>\n<li class=\"product type-product post-1861 status-publish last outofstock product_cat-vente-flash has-post-thumbnail taxable shipping-taxable purchasable product-type-simple\">\n\t<img width=\"301\" height=\"452\" src=\"https:\/\/i2.wp.com\/kaaakollection.com\/wp-content\/uploads\/2019\/07\/Faat_460.jpg?fit=301%2C452&amp;ssl=1\" class=\"show-on-hover wp-post-image\" alt=\"\" loading=\"lazy\" srcset=\"https:\/\/i2.wp.com\/kaaakollection.com\/wp-content\/uploads\/2019\/07\/Faat_460.jpg?w=3456&amp;ssl=1 3456w, https:\/\/i2.wp.com\/kaaakollection.com\/wp-content\/uploads\/2019\/07\/Faat_460.jpg?resize=301%2C452&amp;ssl=1 301w, https:\/\/i2.wp.com\/kaaakollection.com\/wp-content\/uploads\/2019\/07\/Faat_460.jpg?resize=200%2C300&amp;ssl=1 200w, https:\/\/i2.wp.com\/kaaakollection.com\/wp-content\/uploads\/2019\/07\/Faat_460.jpg?resize=768%2C1152&amp;ssl=1 768w, https:\/\/i2.wp.com\/kaaakollection.com\/wp-content\/uploads\/2019\/07\/Faat_460.jpg?resize=683%2C1024&amp;ssl=1 683w, https:\/\/i2.wp.com\/kaaakollection.com\/wp-content\/uploads\/2019\/07\/Faat_460.jpg?resize=600%2C900&amp;ssl=1 600w, https:\/\/i2.wp.com\/kaaakollection.com\/wp-content\/uploads\/2019\/07\/Faat_460.jpg?w=2000&amp;ssl=1 2000w, https:\/\/i2.wp.com\/kaaakollection.com\/wp-content\/uploads\/2019\/07\/Faat_460.jpg?w=3000&amp;ssl=1 3000w\" sizes=\"(max-width: 301px) 100vw, 301px\" \/><\/li>\n<li class=\"product type-product post-1867 status-publish first onbackorder product_cat-vente-flash has-post-thumbnail taxable shipping-taxable purchasable product-type-simple\">\n\t<img width=\"301\" height=\"452\" src=\"https:\/\/i2.wp.com\/kaaakollection.com\/wp-content\/uploads\/2019\/07\/Faat_551.jpg?fit=301%2C452&amp;ssl=1\" class=\"show-on-hover wp-post-image\" alt=\"\" loading=\"lazy\" srcset=\"https:\/\/i2.wp.com\/kaaakollection.com\/wp-content\/uploads\/2019\/07\/Faat_551.jpg?w=3456&amp;ssl=1 3456w, https:\/\/i2.wp.com\/kaaakollection.com\/wp-content\/uploads\/2019\/07\/Faat_551.jpg?resize=301%2C452&amp;ssl=1 301w, https:\/\/i2.wp.com\/kaaakollection.com\/wp-content\/uploads\/2019\/07\/Faat_551.jpg?resize=200%2C300&amp;ssl=1 200w, https:\/\/i2.wp.com\/kaaakollection.com\/wp-content\/uploads\/2019\/07\/Faat_551.jpg?resize=768%2C1152&amp;ssl=1 768w, https:\/\/i2.wp.com\/kaaakollection.com\/wp-content\/uploads\/2019\/07\/Faat_551.jpg?resize=683%2C1024&amp;ssl=1 683w, https:\/\/i2.wp.com\/kaaakollection.com\/wp-content\/uploads\/2019\/07\/Faat_551.jpg?resize=600%2C900&amp;ssl=1 600w, https:\/\/i2.wp.com\/kaaakollection.com\/wp-content\/uploads\/2019\/07\/Faat_551.jpg?w=2000&amp;ssl=1 2000w, https:\/\/i2.wp.com\/kaaakollection.com\/wp-content\/uploads\/2019\/07\/Faat_551.jpg?w=3000&amp;ssl=1 3000w\" sizes=\"(max-width: 301px) 100vw, 301px\" \/><\/li>\n<li class=\"product type-product post-1863 status-publish onbackorder product_cat-vente-flash has-post-thumbnail taxable shipping-taxable purchasable product-type-simple\">\n\t<img width=\"301\" height=\"452\" src=\"https:\/\/i0.wp.com\/kaaakollection.com\/wp-content\/uploads\/2019\/12\/WhatsApp-Image-2019-12-11-at-11.08.48.jpeg?fit=301%2C452&amp;ssl=1\" class=\"show-on-hover wp-post-image\" alt=\"\" loading=\"lazy\" srcset=\"https:\/\/i0.wp.com\/kaaakollection.com\/wp-content\/uploads\/2019\/12\/WhatsApp-Image-2019-12-11-at-11.08.48.jpeg?w=1066&amp;ssl=1 1066w, https:\/\/i0.wp.com\/kaaakollection.com\/wp-content\/uploads\/2019\/12\/WhatsApp-Image-2019-12-11-at-11.08.48.jpeg?resize=200%2C300&amp;ssl=1 200w, https:\/\/i0.wp.com\/kaaakollection.com\/wp-content\/uploads\/2019\/12\/WhatsApp-Image-2019-12-11-at-11.08.48.jpeg?resize=768%2C1153&amp;ssl=1 768w, https:\/\/i0.wp.com\/kaaakollection.com\/wp-content\/uploads\/2019\/12\/WhatsApp-Image-2019-12-11-at-11.08.48.jpeg?resize=682%2C1024&amp;ssl=1 682w, https:\/\/i0.wp.com\/kaaakollection.com\/wp-content\/uploads\/2019\/12\/WhatsApp-Image-2019-12-11-at-11.08.48.jpeg?resize=301%2C452&amp;ssl=1 301w\" sizes=\"(max-width: 301px) 100vw, 301px\" \/><\/li>\n<li class=\"product type-product post-1859 status-publish outofstock product_cat-vente-flash has-post-thumbnail taxable shipping-taxable purchasable product-type-simple\">\n\t<img width=\"301\" height=\"452\" src=\"https:\/\/i1.wp.com\/kaaakollection.com\/wp-content\/uploads\/2019\/12\/PHOTO-2019-12-15-13-17-55.jpg?fit=301%2C452&amp;ssl=1\" class=\"show-on-hover wp-post-image\" alt=\"\" loading=\"lazy\" srcset=\"https:\/\/i1.wp.com\/kaaakollection.com\/wp-content\/uploads\/2019\/12\/PHOTO-2019-12-15-13-17-55.jpg?w=341&amp;ssl=1 341w, https:\/\/i1.wp.com\/kaaakollection.com\/wp-content\/uploads\/2019\/12\/PHOTO-2019-12-15-13-17-55.jpg?resize=200%2C300&amp;ssl=1 200w, https:\/\/i1.wp.com\/kaaakollection.com\/wp-content\/uploads\/2019\/12\/PHOTO-2019-12-15-13-17-55.jpg?resize=301%2C452&amp;ssl=1 301w\" sizes=\"(max-width: 301px) 100vw, 301px\" \/><\/li>\n<li class=\"product type-product post-1847 status-publish last outofstock product_cat-vente-flash has-post-thumbnail taxable shipping-taxable purchasable product-type-simple\">\n\t<img width=\"301\" height=\"452\" src=\"https:\/\/i0.wp.com\/kaaakollection.com\/wp-content\/uploads\/2019\/12\/PHOTO-2019-12-15-13-18-00.jpeg?fit=301%2C452&amp;ssl=1\" class=\"show-on-hover wp-post-image\" alt=\"\" loading=\"lazy\" srcset=\"https:\/\/i0.wp.com\/kaaakollection.com\/wp-content\/uploads\/2019\/12\/PHOTO-2019-12-15-13-18-00.jpeg?w=682&amp;ssl=1 682w, https:\/\/i0.wp.com\/kaaakollection.com\/wp-content\/uploads\/2019\/12\/PHOTO-2019-12-15-13-18-00.jpeg?resize=200%2C300&amp;ssl=1 200w, https:\/\/i0.wp.com\/kaaakollection.com\/wp-content\/uploads\/2019\/12\/PHOTO-2019-12-15-13-18-00.jpeg?resize=301%2C452&amp;ssl=1 301w\" sizes=\"(max-width: 301px) 100vw, 301px\" \/><\/li>\n<li class=\"product type-product post-1871 status-publish first outofstock product_cat-vente-flash has-post-thumbnail taxable shipping-taxable purchasable product-type-simple\">\n\t<img width=\"301\" height=\"452\" src=\"https:\/\/i0.wp.com\/kaaakollection.com\/wp-content\/uploads\/2019\/12\/WhatsApp-Image-2019-12-11-at-11.08.471.jpeg?fit=301%2C452&amp;ssl=1\" class=\"show-on-hover wp-post-image\" alt=\"\" loading=\"lazy\" srcset=\"https:\/\/i0.wp.com\/kaaakollection.com\/wp-content\/uploads\/2019\/12\/WhatsApp-Image-2019-12-11-at-11.08.471.jpeg?w=1066&amp;ssl=1 1066w, https:\/\/i0.wp.com\/kaaakollection.com\/wp-content\/uploads\/2019\/12\/WhatsApp-Image-2019-12-11-at-11.08.471.jpeg?resize=200%2C300&amp;ssl=1 200w, https:\/\/i0.wp.com\/kaaakollection.com\/wp-content\/uploads\/2019\/12\/WhatsApp-Image-2019-12-11-at-11.08.471.jpeg?resize=768%2C1153&amp;ssl=1 768w, https:\/\/i0.wp.com\/kaaakollection.com\/wp-content\/uploads\/2019\/12\/WhatsApp-Image-2019-12-11-at-11.08.471.jpeg?resize=682%2C1024&amp;ssl=1 682w, https:\/\/i0.wp.com\/kaaakollection.com\/wp-content\/uploads\/2019\/12\/WhatsApp-Image-2019-12-11-at-11.08.471.jpeg?resize=301%2C452&amp;ssl=1 301w\" sizes=\"(max-width: 301px) 100vw, 301px\" \/><\/li>\n<li class=\"product type-product post-1840 status-publish outofstock product_cat-vente-flash has-post-thumbnail taxable shipping-taxable purchasable product-type-simple\">\n\t<img width=\"301\" height=\"452\" src=\"https:\/\/i1.wp.com\/kaaakollection.com\/wp-content\/uploads\/2019\/12\/WhatsApp-Image-2019-12-11-at-11.08.40.jpeg?fit=301%2C452&amp;ssl=1\" class=\"show-on-hover wp-post-image\" alt=\"\" loading=\"lazy\" srcset=\"https:\/\/i1.wp.com\/kaaakollection.com\/wp-content\/uploads\/2019\/12\/WhatsApp-Image-2019-12-11-at-11.08.40.jpeg?w=1066&amp;ssl=1 1066w, https:\/\/i1.wp.com\/kaaakollection.com\/wp-content\/uploads\/2019\/12\/WhatsApp-Image-2019-12-11-at-11.08.40.jpeg?resize=200%2C300&amp;ssl=1 200w, https:\/\/i1.wp.com\/kaaakollection.com\/wp-content\/uploads\/2019\/12\/WhatsApp-Image-2019-12-11-at-11.08.40.jpeg?resize=768%2C1153&amp;ssl=1 768w, https:\/\/i1.wp.com\/kaaakollection.com\/wp-content\/uploads\/2019\/12\/WhatsApp-Image-2019-12-11-at-11.08.40.jpeg?resize=682%2C1024&amp;ssl=1 682w, https:\/\/i1.wp.com\/kaaakollection.com\/wp-content\/uploads\/2019\/12\/WhatsApp-Image-2019-12-11-at-11.08.40.jpeg?resize=301%2C452&amp;ssl=1 301w\" sizes=\"(max-width: 301px) 100vw, 301px\" \/><\/li>\n<\/ul>\n<\/div><\/div>\n<\/div>\n<\/div><\/div><\/div><\/div><\/div><\/div><\/div>","protected":false},"excerpt":{"rendered":"<p>Ici vous pouvez retrouver les collections pr\u00e9c\u00e9dentes des d\u00e9fil\u00e9s en ventes exclusives en taille et en pi\u00e8ce unique .<\/p>\n","protected":false},"author":1,"featured_media":0,"parent":0,"menu_order":0,"comment_status":"closed","ping_status":"closed","template":"","meta":{"spay_email":""},"_links":{"self":[{"href":"https:\/\/kaaakollection.com\/index.php\/wp-json\/wp\/v2\/pages\/1419"}],"collection":[{"href":"https:\/\/kaaakollection.com\/index.php\/wp-json\/wp\/v2\/pages"}],"about":[{"href":"https:\/\/kaaakollection.com\/index.php\/wp-json\/wp\/v2\/types\/page"}],"author":[{"embeddable":true,"href":"https:\/\/kaaakollection.com\/index.php\/wp-json\/wp\/v2\/users\/1"}],"replies":[{"embeddable":true,"href":"https:\/\/kaaakollection.com\/index.php\/wp-json\/wp\/v2\/comments?post=1419"}],"version-history":[{"count":26,"href":"https:\/\/kaaakollection.com\/index.php\/wp-json\/wp\/v2\/pages\/1419\/revisions"}],"predecessor-version":[{"id":1929,"href":"https:\/\/kaaakollection.com\/index.php\/wp-json\/wp\/v2\/pages\/1419\/revisions\/1929"}],"wp:attachment":[{"href":"https:\/\/kaaakollection.com\/index.php\/wp-json\/wp\/v2\/media?parent=1419"}],"curies":[{"name":"wp","href":"https:\/\/api.w.org\/{rel}","templated":true}]}}