{"id":155,"date":"2019-06-26T22:58:14","date_gmt":"2019-06-26T20:58:14","guid":{"rendered":"http:\/\/kaaakollection.com\/?page_id=155"},"modified":"2024-09-07T17:15:12","modified_gmt":"2024-09-07T15:15:12","slug":"la-marque","status":"publish","type":"page","link":"https:\/\/kaaakollection.com\/index.php\/la-marque\/","title":{"rendered":"La Marque"},"content":{"rendered":"<div id=\"pl-155\"  class=\"panel-layout\" ><div id=\"pg-155-0\"  class=\"panel-grid panel-has-style\" ><div class=\"panel-row-style panel-row-style-for-155-0\" ><div id=\"pgc-155-0-0\"  class=\"panel-grid-cell panel-grid-cell-empty\" ><\/div><div id=\"pgc-155-0-1\"  class=\"panel-grid-cell panel-grid-cell-mobile-last\" ><div id=\"panel-155-0-1-0\" class=\"so-panel widget widget_sow-image panel-first-child panel-last-child\" data-index=\"0\" ><div class=\"panel-widget-style panel-widget-style-for-155-0-1-0\" ><div\n\t\t\t\n\t\t\tclass=\"so-widget-sow-image so-widget-sow-image-default-8b5b6f678277-155\"\n\t\t\t\n\t\t>\n<div class=\"sow-image-container\">\n\t\t<img \n\tsrc=\"https:\/\/i1.wp.com\/kaaakollection.com\/wp-content\/uploads\/2019\/06\/logokaak.png?fit=750%2C510&amp;ssl=1\" width=\"750\" height=\"510\" srcset=\"https:\/\/i1.wp.com\/kaaakollection.com\/wp-content\/uploads\/2019\/06\/logokaak.png?w=750&amp;ssl=1 750w, https:\/\/i1.wp.com\/kaaakollection.com\/wp-content\/uploads\/2019\/06\/logokaak.png?resize=301%2C205&amp;ssl=1 301w, https:\/\/i1.wp.com\/kaaakollection.com\/wp-content\/uploads\/2019\/06\/logokaak.png?resize=600%2C408&amp;ssl=1 600w, https:\/\/i1.wp.com\/kaaakollection.com\/wp-content\/uploads\/2019\/06\/logokaak.png?resize=300%2C204&amp;ssl=1 300w\" alt=\"\" loading=\"lazy\" \t\tclass=\"so-widget-image\"\/>\n\t<\/div>\n\n<\/div><\/div><\/div><\/div><div id=\"pgc-155-0-2\"  class=\"panel-grid-cell panel-grid-cell-empty\" ><\/div><\/div><\/div><div id=\"pg-155-1\"  class=\"panel-grid panel-has-style\" ><div class=\"panel-row-style panel-row-style-for-155-1\" ><div id=\"pgc-155-1-0\"  class=\"panel-grid-cell\" ><div id=\"panel-155-1-0-0\" class=\"so-panel widget widget_sow-editor panel-first-child\" data-index=\"1\" ><div class=\"text_marque_blc panel-widget-style panel-widget-style-for-155-1-0-0\" id=\"qsjjj\" ><div\n\t\t\t\n\t\t\tclass=\"so-widget-sow-editor so-widget-sow-editor-base\"\n\t\t\t\n\t\t>\n<div class=\"siteorigin-widget-tinymce textwidget\">\n\t<h2 style=\"text-align: left;\">Qui suis-je ?<\/h2>\n<p style=\"text-align: left;\"><strong>Fatmata<\/strong> Parisienne de 33 ans, <strong>pr\u00e9sente dans le milieu de la mode depuis 13 ans.<\/strong><br \/>\nFondatrice de la marque <strong>Kaaakollection<\/strong>\u00a0depuis 2015 marque Haute couture, Haute gamme, Luxe et Peaux.<\/p>\n<p style=\"text-align: left;\">Je suis styliste mod\u00e9liste, cr\u00e9atrice dipl\u00f4m\u00e9e depuis 2012.<br \/>\nJe cr\u00e9e seule mes v\u00eatements du croquis \u00e0 la conception.<\/p>\n<\/div>\n<\/div><\/div><\/div><div id=\"panel-155-1-0-1\" class=\"so-panel widget widget_sow-editor\" data-index=\"2\" ><div class=\"text_marque_blc panel-widget-style panel-widget-style-for-155-1-0-1\" id=\"m_parcour\" ><div\n\t\t\t\n\t\t\tclass=\"so-widget-sow-editor so-widget-sow-editor-base\"\n\t\t\t\n\t\t>\n<div class=\"siteorigin-widget-tinymce textwidget\">\n\t<h2 style=\"text-align: right;\">Mon parcours<\/h2>\n<p style=\"text-align: right;\">A l\u2019obtention de mon dipl\u00f4me j\u2019ai eu la possibilit\u00e9 d\u2019occuper plusieurs postes : conseil en image, Personal shopper, Vendeuse, Visuel merchandiser. Cette multitude d\u2019exp\u00e9riences m\u2019a permis d\u2019appr\u00e9hender toutes les facettes du m\u00e9tier . Gr\u00e2ce \u00e0 mon bagage professionnel cons\u00e9quent et de demandes de mon entourage j\u2019ai d\u00e9cid\u00e9 de me lancer en Freelance .<br \/>\nJe souhaitais mettre \u00ab ma pierre \u00e0 l\u2019\u00e9difice \u00bb mettre en avant mes cr\u00e9ations, apporter un univers diff\u00e9rent, la touche Kaaakollection .<\/p>\n<\/div>\n<\/div><\/div><\/div><div id=\"panel-155-1-0-2\" class=\"so-panel widget widget_sow-editor\" data-index=\"3\" ><div class=\"text_marque_blc panel-widget-style panel-widget-style-for-155-1-0-2\" id=\"qulq_mot\" ><div\n\t\t\t\n\t\t\tclass=\"so-widget-sow-editor so-widget-sow-editor-base\"\n\t\t\t\n\t\t>\n<div class=\"siteorigin-widget-tinymce textwidget\">\n\t<h2 style=\"text-align: left;\">K<span style=\"font-size: 73%;\">aaa<\/span>kollection en quelques mots<\/h2>\n<p>&nbsp;<\/p>\n<p style=\"text-align: left;\">Les pi\u00e8ces haute couture haute gamme et Luxe Made In France que je pr\u00e9sente sont uniques et sur mesure pour que chaque client(e)s se sentent sp\u00e9ciale en portant des tenues tendances, sexy et glamour tout en restant dans l'\u00e9l\u00e9gance.<\/p>\n<p>Je m'adapte \u00e9galement \u00e0 la demande de mes clients, un service sur mesure, du croquis \u00e0 la conception est disponible via le formulaire \u00e0 remplir \"contactez-nous\" \u00e0 la page d'accueil.<\/p>\n<p>Mes cr\u00e9ations r\u00e9v\u00e8lent La Femme fatale ind\u00e9pendante Woman qui s'assume. Suite \u00e0 une forte demande en 2016 de la client\u00e8le masculine des tenues travaill\u00e9es , des pi\u00e8ces fortes, original, \u00e9l\u00e9gantes ont vu le jour. Dans la gamme luxe je propose des vestes Hommes que je cr\u00e9e sur mesure en vraie peaux tels que du crocodile, le\u00a0crocodile d'Himalaya de la prestigieuse marque de luxe Herm\u00e8s, du python, de l'autruche.. Ces peaux-la, comme d'autres plus recherch\u00e9es ou exotiques, se font de plus en plus rares et moi Kaaakollection je l'ai car j'ai les meilleurs \u00e0 mes cot\u00e9s ! LE CUIR, UN LUXE ABSOLU.<\/p>\n<p>&nbsp;<\/p>\n<p style=\"text-align: left;\">Mon partenariat avec un fournisseur Parisien, me garantit des produits nobles de tr\u00e8s bonnes qualit\u00e9s et 100 % fran\u00e7ais. J'aime travailler avec des tissus haut de gamme, notamment la soie sous toutes ses formes ; Brocard haut de couture, soie, mousseline de soie, organza, cr\u00eape de satin, l'organdi, lam\u00e9 de soie, pong\u00e9e de soie, satin...<\/p>\n<p style=\"text-align: left;\">Je travaille \u00e9galement avec d'autres mati\u00e8res de bonne qualit\u00e9 \u00e9galement ; moyen de gamme tels que la su\u00e9dine, la dentelle, le cr\u00eape, le viscose, le coton..<\/p>\n<p style=\"text-align: left;\">J'aime \u00e9norm\u00e9ment les mati\u00e8res fluides, la transparence, pr\u00e8s du corps et les imprim\u00e9es.<\/p>\n<\/div>\n<\/div><\/div><\/div><div id=\"panel-155-1-0-3\" class=\"so-panel widget widget_sow-editor panel-last-child\" data-index=\"4\" ><div class=\"text_marque_blc panel-widget-style panel-widget-style-for-155-1-0-3\" id=\"colab\" ><div\n\t\t\t\n\t\t\tclass=\"so-widget-sow-editor so-widget-sow-editor-base\"\n\t\t\t\n\t\t>\n<div class=\"siteorigin-widget-tinymce textwidget\">\n\t<h2 style=\"text-align: right;\">Ev\u00e8nements et collaborations K<span style=\"font-size: 73%;\">aaa<\/span>kollection<\/h2>\n<p style=\"text-align: right;\">J\u2019ai fait des collaborations avec de grandes marques, notamment Le Magazine de mode renomm\u00e9 Vogue (British) ou un article m\u2019y \u00e9tait d\u00e9di\u00e9. J\u2019ai particip\u00e9 \u00e0 des actions caritatives tel que le secours populaire fran\u00e7ais de Rennes en Bretagne. Des c\u00e9l\u00e9brit\u00e9s sportives et artistiques m\u2019ont \u00e9galement sollicit\u00e9e pour la cr\u00e9ation de tenues pour des \u00e9v\u00e9nements importants. R\u00e9cemment d\u00e9but mars une tenue de ma collection est aussi apparue lors d\u2019une \u00e9mission de t\u00e9l\u00e9vision tr\u00e8s regard\u00e9e.Je travaille en tant que styliste avec la premi\u00e8re \u00e9cole de rap en France. Je suis aussi styliste pour beaucoup d'autres artistes musicaux. J'ai \u00e9galement travaill\u00e9 avec \u00a0l'\u00e9cole Gobelins (l'\u00e9cole num\u00e9ro 1 \u00a0du design digital) ; mon r\u00f4le \u00e9tait d'accompagner des \u00e9tudiants en photographie et vid\u00e9aste sur leurs projets de les conseiller sur la partie stylisme et direction artistique, \u00a0Ont m'a aussi sollicit\u00e9e a travaill\u00e9 \u00a0avec une \u00e9cole primaire \u00e0 \u00a0Saint-cloud (92) , j'\u00e9tais intervenante pour des cours d'initiation \u00e0 la couture avec des enfants allant de 6 \u00e0 11 ans pendant une ann\u00e9e. J\u2019ai \u00e9galement particip\u00e9 et organis\u00e9 des d\u00e9fil\u00e9s jusqu'a l'international, passage \u00e9galement \u00e0 la radio, J'ai \u00e9t\u00e9 diffus\u00e9es \u00e0 la t\u00e9l\u00e9vision ; FashionTV la chaine de t\u00e9l\u00e9vision internationale d\u00e9di\u00e9e \u00e0 la mode et au mannequinat et la Fashion Week....<\/p>\n<p>&nbsp;<\/p>\n<p>Vous pouvez retrouver quelques interviews dans l'onglet D\u00e9fil\u00e9s<\/p>\n<\/div>\n<\/div><\/div><\/div><\/div><\/div><\/div><div id=\"pg-155-2\"  class=\"panel-grid panel-has-style\" ><div class=\"panel-row-style panel-row-style-for-155-2\" ><div id=\"pgc-155-2-0\"  class=\"panel-grid-cell\" ><div id=\"panel-155-2-0-0\" class=\"so-panel widget widget_sow-image panel-first-child panel-last-child\" data-index=\"5\" ><div\n\t\t\t\n\t\t\tclass=\"so-widget-sow-image so-widget-sow-image-default-8b5b6f678277-155\"\n\t\t\t\n\t\t>\n<div class=\"sow-image-container\">\n\t\t<img \n\tsrc=\"https:\/\/i2.wp.com\/kaaakollection.com\/wp-content\/uploads\/2019\/06\/IMG_9145.jpg?fit=854%2C1280&amp;ssl=1\" width=\"854\" height=\"1280\" srcset=\"https:\/\/i2.wp.com\/kaaakollection.com\/wp-content\/uploads\/2019\/06\/IMG_9145.jpg?w=854&amp;ssl=1 854w, https:\/\/i2.wp.com\/kaaakollection.com\/wp-content\/uploads\/2019\/06\/IMG_9145.jpg?resize=301%2C451&amp;ssl=1 301w, https:\/\/i2.wp.com\/kaaakollection.com\/wp-content\/uploads\/2019\/06\/IMG_9145.jpg?resize=600%2C899&amp;ssl=1 600w, https:\/\/i2.wp.com\/kaaakollection.com\/wp-content\/uploads\/2019\/06\/IMG_9145.jpg?resize=200%2C300&amp;ssl=1 200w, https:\/\/i2.wp.com\/kaaakollection.com\/wp-content\/uploads\/2019\/06\/IMG_9145.jpg?resize=768%2C1151&amp;ssl=1 768w, https:\/\/i2.wp.com\/kaaakollection.com\/wp-content\/uploads\/2019\/06\/IMG_9145.jpg?resize=683%2C1024&amp;ssl=1 683w\" alt=\"\" loading=\"lazy\" \t\tclass=\"so-widget-image\"\/>\n\t<\/div>\n\n<\/div><\/div><\/div><div id=\"pgc-155-2-1\"  class=\"panel-grid-cell\" ><div id=\"panel-155-2-1-0\" class=\"so-panel widget widget_sow-editor panel-first-child panel-last-child\" data-index=\"6\" ><div class=\"panel-widget-style panel-widget-style-for-155-2-1-0\" ><div\n\t\t\t\n\t\t\tclass=\"so-widget-sow-editor so-widget-sow-editor-base\"\n\t\t\t\n\t\t>\n<div class=\"siteorigin-widget-tinymce textwidget\">\n\t<h4 style=\"text-align: center; font-size: 35px;\"><strong>KaaaKollection ; c'est Le soucis permanent du d\u00e9tail. <\/strong><\/h4>\n<h4 style=\"text-align: center; font-size: 35px;\"><strong>Je vous<\/strong>\u00a0remercie de votre soutien ma KaaakollectionFamily.<\/h4>\n<p style=\"text-align: right;\"><strong>\u00c0 bient\u00f4t .<\/strong><\/p>\n<\/div>\n<\/div><\/div><\/div><\/div><\/div><\/div><\/div>","protected":false},"excerpt":{"rendered":"<p>Qui suis-je ? Fatmata Parisienne de 33 ans, pr\u00e9sente dans le milieu de la mode depuis 13 ans. Fondatrice de la marque Kaaakollection\u00a0depuis 2015 marque Haute couture, Haute gamme, Luxe et Peaux. Je suis styliste mod\u00e9liste, cr\u00e9atrice dipl\u00f4m\u00e9e depuis 2012. Je cr\u00e9e seule mes v\u00eatements du croquis \u00e0 la conception. Mon parcours A l\u2019obtention de &hellip;<\/p>\n<p class=\"read-more\"> <a class=\"\" href=\"https:\/\/kaaakollection.com\/index.php\/la-marque\/\"> <span class=\"screen-reader-text\">La Marque<\/span> Lire la suite\u00a0\u00bb<\/a><\/p>\n","protected":false},"author":1,"featured_media":0,"parent":0,"menu_order":0,"comment_status":"closed","ping_status":"closed","template":"","meta":{"spay_email":""},"_links":{"self":[{"href":"https:\/\/kaaakollection.com\/index.php\/wp-json\/wp\/v2\/pages\/155"}],"collection":[{"href":"https:\/\/kaaakollection.com\/index.php\/wp-json\/wp\/v2\/pages"}],"about":[{"href":"https:\/\/kaaakollection.com\/index.php\/wp-json\/wp\/v2\/types\/page"}],"author":[{"embeddable":true,"href":"https:\/\/kaaakollection.com\/index.php\/wp-json\/wp\/v2\/users\/1"}],"replies":[{"embeddable":true,"href":"https:\/\/kaaakollection.com\/index.php\/wp-json\/wp\/v2\/comments?post=155"}],"version-history":[{"count":129,"href":"https:\/\/kaaakollection.com\/index.php\/wp-json\/wp\/v2\/pages\/155\/revisions"}],"predecessor-version":[{"id":2538,"href":"https:\/\/kaaakollection.com\/index.php\/wp-json\/wp\/v2\/pages\/155\/revisions\/2538"}],"wp:attachment":[{"href":"https:\/\/kaaakollection.com\/index.php\/wp-json\/wp\/v2\/media?parent=155"}],"curies":[{"name":"wp","href":"https:\/\/api.w.org\/{rel}","templated":true}]}}