{"id":1835,"date":"2019-12-14T00:42:24","date_gmt":"2019-12-13T23:42:24","guid":{"rendered":"https:\/\/kaaakollection.com\/?post_type=product&#038;p=1835"},"modified":"2024-09-07T17:02:23","modified_gmt":"2024-09-07T15:02:23","slug":"ttpp","status":"publish","type":"product","link":"https:\/\/kaaakollection.com\/index.php\/produit\/ttpp\/","title":{"rendered":"Ensembles 3 pi\u00e8ces : l&rsquo;Italien"},"content":{"rendered":"<p>Ensemble 3 pi\u00e8ces en soie pure d&rsquo;Italie, L&rsquo;ensemble comporte une veste , une chemise sans manches et un pantalon \u00e9lastique \u00e0 la taille et un syst\u00e8me de r\u00e9glage. Tenue unisexe <\/p>\n","protected":false},"excerpt":{"rendered":"<p>Ensemble 3 pi\u00e8ces en soie pure d\u2019Italie , L\u2019ensemble comporte une veste une chemise sans manches et un pantalon taille \u00e9lastique et un syst\u00e8me de r\u00e9glage avec son fils.<\/p>\n","protected":false},"featured_media":1788,"template":"","meta":{"spay_email":""},"product_cat":[21],"product_tag":[],"_links":{"self":[{"href":"https:\/\/kaaakollection.com\/index.php\/wp-json\/wp\/v2\/product\/1835"}],"collection":[{"href":"https:\/\/kaaakollection.com\/index.php\/wp-json\/wp\/v2\/product"}],"about":[{"href":"https:\/\/kaaakollection.com\/index.php\/wp-json\/wp\/v2\/types\/product"}],"wp:featuredmedia":[{"embeddable":true,"href":"https:\/\/kaaakollection.com\/index.php\/wp-json\/wp\/v2\/media\/1788"}],"wp:attachment":[{"href":"https:\/\/kaaakollection.com\/index.php\/wp-json\/wp\/v2\/media?parent=1835"}],"wp:term":[{"taxonomy":"product_cat","embeddable":true,"href":"https:\/\/kaaakollection.com\/index.php\/wp-json\/wp\/v2\/product_cat?post=1835"},{"taxonomy":"product_tag","embeddable":true,"href":"https:\/\/kaaakollection.com\/index.php\/wp-json\/wp\/v2\/product_tag?post=1835"}],"curies":[{"name":"wp","href":"https:\/\/api.w.org\/{rel}","templated":true}]}}