{"id":1849,"date":"2019-12-14T15:14:34","date_gmt":"2019-12-14T14:14:34","guid":{"rendered":"https:\/\/kaaakollection.com\/?post_type=product&#038;p=1849"},"modified":"2024-09-07T17:01:22","modified_gmt":"2024-09-07T15:01:22","slug":"ccc","status":"publish","type":"product","link":"https:\/\/kaaakollection.com\/index.php\/produit\/ccc\/","title":{"rendered":"Combinaison Amazone"},"content":{"rendered":"<p>Combinaison en su\u00e9dine , petit d\u00e9collet\u00e9 sur le devant, syst\u00e8me d&rsquo;ajustement au niveau des \u00e9paules, Franges au niveau des jambes, zip milieu dos, Taille 36<\/p>\n","protected":false},"excerpt":{"rendered":"<p>Combinaison en su\u00e9dine , petit d\u00e9collet\u00e9 sur le devant, syst\u00e8me d&rsquo;ajustement au niveau des \u00e9paules, Franges au niveau des jambes, zip milieu dos, Taille 36<\/p>\n","protected":false},"featured_media":1759,"template":"","meta":{"spay_email":""},"product_cat":[19],"product_tag":[],"_links":{"self":[{"href":"https:\/\/kaaakollection.com\/index.php\/wp-json\/wp\/v2\/product\/1849"}],"collection":[{"href":"https:\/\/kaaakollection.com\/index.php\/wp-json\/wp\/v2\/product"}],"about":[{"href":"https:\/\/kaaakollection.com\/index.php\/wp-json\/wp\/v2\/types\/product"}],"wp:featuredmedia":[{"embeddable":true,"href":"https:\/\/kaaakollection.com\/index.php\/wp-json\/wp\/v2\/media\/1759"}],"wp:attachment":[{"href":"https:\/\/kaaakollection.com\/index.php\/wp-json\/wp\/v2\/media?parent=1849"}],"wp:term":[{"taxonomy":"product_cat","embeddable":true,"href":"https:\/\/kaaakollection.com\/index.php\/wp-json\/wp\/v2\/product_cat?post=1849"},{"taxonomy":"product_tag","embeddable":true,"href":"https:\/\/kaaakollection.com\/index.php\/wp-json\/wp\/v2\/product_tag?post=1849"}],"curies":[{"name":"wp","href":"https:\/\/api.w.org\/{rel}","templated":true}]}}