{"id":738,"date":"2019-07-13T23:50:14","date_gmt":"2019-07-13T21:50:14","guid":{"rendered":"https:\/\/kaaakollection.com\/?post_type=product&#038;p=738"},"modified":"2024-09-07T17:06:21","modified_gmt":"2024-09-07T15:06:21","slug":"chemise-unisexe-blanche","status":"publish","type":"product","link":"https:\/\/kaaakollection.com\/index.php\/produit\/chemise-unisexe-blanche\/","title":{"rendered":"Chemise Unisexe Blanche"},"content":{"rendered":"<p>Les produits en soie,brocard ou autre avec de la soie sont lavable a la main eau froide ou lavage d\u00e9licat \u00e0 sec uniquement.<\/p>\n","protected":false},"excerpt":{"rendered":"<p><strong><span style=\"font-size: 14pt;\">Chemise femme et unisexe. En imprim\u00e9 d\u00e9vor\u00e9e blanche en mousseline de soie. Bouton pression. col mao. Le mod\u00e8le porte une taille unique disponible sur commande ou sur mesure si vous le d\u00e9sirez.<\/span><\/strong><\/p>\n","protected":false},"featured_media":886,"template":"","meta":{"spay_email":""},"product_cat":[20,21],"product_tag":[],"_links":{"self":[{"href":"https:\/\/kaaakollection.com\/index.php\/wp-json\/wp\/v2\/product\/738"}],"collection":[{"href":"https:\/\/kaaakollection.com\/index.php\/wp-json\/wp\/v2\/product"}],"about":[{"href":"https:\/\/kaaakollection.com\/index.php\/wp-json\/wp\/v2\/types\/product"}],"wp:featuredmedia":[{"embeddable":true,"href":"https:\/\/kaaakollection.com\/index.php\/wp-json\/wp\/v2\/media\/886"}],"wp:attachment":[{"href":"https:\/\/kaaakollection.com\/index.php\/wp-json\/wp\/v2\/media?parent=738"}],"wp:term":[{"taxonomy":"product_cat","embeddable":true,"href":"https:\/\/kaaakollection.com\/index.php\/wp-json\/wp\/v2\/product_cat?post=738"},{"taxonomy":"product_tag","embeddable":true,"href":"https:\/\/kaaakollection.com\/index.php\/wp-json\/wp\/v2\/product_tag?post=738"}],"curies":[{"name":"wp","href":"https:\/\/api.w.org\/{rel}","templated":true}]}}